 -58 + 31 + -54?
-81
Evaluate 43 - ((59 - -26) + -96).
54
Evaluate (34 + (-16 - -1) - (0 + -2)) + 0 + -8.
13
Evaluate (-69 + -18 - -26) + 0 + -21.
-82
What is the value of 18 + -45 + (63 - -24)?
60
Evaluate -16 + -8 + -24 - -2.
-46
What is the value of (0 - -29) + (122 - (-88 - -132))?
107
What is (5 - (-11 - -5)) + (-35 - -84) + -80?
-20
-5694 - -5674 - (-2 - 93)
75
What is -2131 + 2008 - (-72 - 2)?
-49
Evaluate (36 - 2) + -31 + 9 - (7 - 1) - 35.
-29
Evaluate 1 - (-1 - 6) - (-15 - (4 + -13) - 2).
16
What is the value of -10 + -1 + -6 + 23 - 19?
-13
What is the value of -19 + (13 - (4 + -3)) + 5 + 1?
-1
What is the value of -24 + (-3 + (-3 - 9) - -21 - -5)?
-13
Evaluate 23 - (7 + -10) - (-69 + 71).
24
Evaluate (41 - ((-11 - -3) + 7 - (-6 - -9))) + -10.
35
What is 88 + 7 + -5 + (18 - 41)?
67
Calculate 41 + (-21 + (-27 - -53) - 131).
-85
Evaluate (41 - (81 + -39)) + (26 - 8).
17
Evaluate -2 + (3 + (-12 - -4) - (-4 - (5 - 8))).
-6
What is the value of -3572 - -3640 - (2 - -82)?
-16
What is the value of -2105 - -2092 - ((7 - 24) + 3)?
1
Calculate 26 - (-2 - -17) - (43 + -42) - (0 - -48).
-38
91 + -177 - -85 - -35
34
Calculate -54 + 58 + 48 - 43.
9
9 + (-19 - (38 - 19 - 32))
3
What is -10 + 1 + -10 + (-31 - (-24 - (12 + -26)))?
-40
1 - (9 - 7) - (-75 + 89)
-15
Calculate (-28 - (5 + -3) - -30) + (12 - 1).
11
What is the value of -59 - (8 + 5) - -13 - (5 - 11)?
-53
Evaluate (-11 - (16 - 35)) + 53 + (-4 - -3 - 3).
57
(20 + -31 - -36) + -44 + (4 - (1 + -1))
-15
Calculate -65 + (4 - (11 - 34)) + -8.
-46
Evaluate (-457 + 360 - (1 + 25)) + 1 + -1 + 2.
-121
What is the value of (22 - -21) + -39 - (4 + -5 + 60 + -2)?
-53
What is 6 + (-1 - 19) - -4 - (-4 - (-3 - 3))?
-12
Calculate 3 + -1 + -1 - 38.
-37
Calculate 7 + (11 - (0 + 12)) - (-121 - -147).
-20
What is the value of (-12 - (-12 + 6)) + -15 + -8 + 15 + -25?
-39
Evaluate 0 + 204 - (-266 + 355).
115
What is the value of 1 + 0 + -48 + 3 + 18 + 33?
7
Evaluate 9 + 63 + -113 + 90.
49
What is 2 + -13 + 110 + -73?
26
Calculate 56 - (32 + (46 - 37)).
15
What is the value of 11 - (-120 + (-33 - -93))?
71
What is (-297 - -356) + (-3 - 19)?
37
(-2 - -115) + 1546 + -1802
-143
What is -112 + 31 + 34 - -5?
-42
(8 + (-6 - 1) - (-2 + -1)) + (-3 - -12)
13
Evaluate 2 + -15 + (77 - (79 - 8)).
-7
Calculate (-11 - 27) + 80 - -10.
52
What is the value of -15 + -1 - (28 - (9 - -19))?
-16
Calculate 12 + (-6 - (-6 - 3) - (9 + -15)).
21
What is the value of -15 + 13 - (20 - 55 - 22)?
55
What is the value of (155 - 52) + 17 - 253?
-133
What is the value of 24 - (89 + -226 - -63)?
98
What is the value of 33 + -2 + -154 + 170?
47
Evaluate 3119 + -3156 - (-1 + -28).
-8
Calculate -11 + 78 - (277 + -159).
-51
What is the value of -3 + -10 + (15 - 2) + -15 - -26?
11
Evaluate (-1 - 16) + (-10 + -10 - -19 - (1 - 1)).
-18
What is -12 - (-14 + 1 + 4) - (40 - 4)?
-39
What is (-4 - 11) + 68 + -62 + (2 - -52)?
45
What is 50 + -12 + -2 + (4 - 47 - -62)?
55
Evaluate -17 + (6 - (8 - -23)) + 17 + 1.
-24
What is (-38 - -36) + 6 - (-7 + 4 + (1 - 1))?
7
What is (2100 - 2037) + 12 + 1 + 0 + -22?
54
0 - 21 - ((6 + (6 - 19) - -37) + -23)
-28
4 - 15 - 5 - (52 + -28)
-40
Evaluate -8 - (-9 + (-3 - -16) + 1 + -1).
-12
-8 - (3 - (3 + -4 - -11)) - (-6 + 2)
3
What is -111 + (199 - -149) + -167?
70
Calculate -2 + -5 - (-50 - (1 - (5 + -5 + -4))).
48
46 - (-46 - (-21 - -25))
96
What is 37 + (-6 - (38 + -47 - 33))?
73
Evaluate -28 - (-112 - -57 - 33).
60
What is the value of (23 + (-6 - 4) - 12) + 0 + 10 + 32?
43
What is the value of (-137 + 100 - -20) + -44?
-61
Calculate 9 + 8 + (-109 - -104) - 35.
-23
51 + 4 + 3 - (15 - (20 + -9))
54
95 + (-5 - -16) + 0 + -15 + 14 + 15
120
What is the value of -10 - (19 - (-4 - -4) - (-16 + 24 - 12))?
-33
Calculate -318 + 366 - (0 + 23).
25
What is the value of 20 + 29 - (20 - 29 - 24)?
82
What is the value of -4 + -98 + 4 - (734 - 754)?
-78
-14 - (-29 + 11 + -21) - 2
23
What is the value of -13 + (4 - -4) + -5 + -21 + 37?
6
Evaluate -83 + -19 + 29 + -24 + (6 - 4) + 6.
-89
What is the value of -61 + 10 - ((-7 - (3 + 5 - 9)) + -1)?
-44
What is -5 + (-27 + 36 - (1 - -53)) + (-15 - -12)?
-53
What is -6 - (-359 - -327 - (-33 - 2))?
-9
What is the value of (-10 + -2 - -1 - (36 + -58)) + 39?
50
Evaluate (4 - -8) + 35 - (188 - 158).
17
Evaluate (-14 + 7 - (-15 + 2 + 7)) + -11 + 86.
74
Evaluate 21 + 12 + (-2 + -5 - (-14 - (-14 + 5))).
31
What is -41 + -18 + 48 - (5 - -38)?
-54
-1 + (-10 - (34 + (36 - 104)))
23
Evaluate (171 - 44) + -23 - 16 - (17 - 2).
73
Evaluate -43 - -50 - ((-5 - -161) + -3) - (47 - 61).
-132
Calculate 163 - (-35 + (20 - -17) - -27).
134
What is 39 + (-26 - 1) - (-1 - -9) - 16?
-12
Evaluate (206 + -41 - 27) + (13 - 22).
129
Calculate -8 - (40 + -59) - -16.
27
What is the value of -99 + -15 - (494 - 592)?
-16
What is -3 + -13 + 2 + -27 + (12 - -17)?
-12
-49 - 31 - -56 - -19
-5
What is 95 - (-23 + 14) - 56?
48
Calculate (30 - (8 - (5 + -7) - 1)) + (15 - 24).
12
Evaluate (49 - -9 - 11) + (-8 - 2).
37
Calculate (23 + (-16 - -8) - -3) + -19 + 82.
81
What is 11 - (-14 + 22 + -1) - 56?
-52
Evaluate 34 + -37 - (-2 - -8) - (-1 - -7).
-15
What is 12 + -2 + 2386 + -2485 + (1 - (-14 + -2))?
-72
Evaluate 1 + (-15 - 2) - (-29 - (-70 - -46)).
-11
What is (-1 - -2) + -8 + (-46 + 37 - 88)?
-104
Evaluate -12 - -2 - 17 - 0.
-27
-10 + (-23 - (3 + -102))
66
What is the value of -52 - ((-2 - -4) + -3 - (-300 - -308))?
-43
What is (-3 - (40 - 7)) + ((1 - -5) + -11 - -13)?
-28
Calculate (-138 - -282 - 18) + -67.
59
What is the value of 32 - 63 - -1 - -44 - -6?
20
What is 1 + (29 - (-31 - -25))?
36
What is 48 + (-3 + 3 - 3 - (26 - (10 - -14)))?
43
Evaluate -299 - -165 - (-81 - -2).
-55
What is (0 - 5 - (-16 + 11)) + (3 - 12)?
-9
What is -7 + 7 + 9 + -10 + -6?
-7
What is the value of (12 - (28 + -10)) + (2 + 19 - 1)?
14
What is the value of (4 + -13 - -1 - (10 + -21)) + 13?
16
What is the value of -122 + -1 + (5 - -4) + 22 + -35 + 12?
-115
(-9 - (25 + (9 - 14) - 18)) + 14
3
Calculate -14 + (55 + -44 - -43).
40
What is the value of (-13 - (-3 - 18)) + -8 + -1 + 3?
2
Evaluate (5 + -13 - -27 - 14) + (-1 - -4) + -46.
-38
Evaluate 106 + (-2020 - -2054 - (-1 + 37)).
104
What is (-85 - -3 - -2) + -64 + 50?
-94
What is 68 + -138 + (-49 - -17)?
-102
What is the value of -50 + -67 + (42 - 117 - -45)?
-147
Evaluate -22 + (15 + -29 - -1) + (-1 - -2).
-34
Evaluate -34 + 23 + 7 - ((-102 - 14) + 7 + 0).
105
What is the value of 3 + (-72 - 1) - (-28 + (92 - 71))?
-63
What is the value of -29 - -1 - (-20 + 14) - (6 + -4)?
-24
What is the value of 34 + -1 + 1 + 1 + 12 + -41 + 20?
26
What is the value of -6 + -51 + (3 - -6) - (-9 + -1)?
-38
What is the value of (7 - (94 + 29)) + (-17 - (-8 + -6))?
-119
What is 39 - (48 + (-48 - -4) + 10)?
25
(-2 - -1) + -15 - (245 + -206)
-55
Calculate -25 + 1 - (-30 + 0 - (-355 + 337)).
-12
Calculate -27 - 5 - -37 - (-1 + 0 + -44).
50
Calculate (-48 - (-23 + -30)) + 54.
59
What is 52 + -122 + 110 + 30?
70
What is the value of -1 - -7 - -4 - (13 + -11 + 1)?
7
Evaluate 12 - (32 - 14) - ((6 - -79) + 26).
-117
Evaluate 55 + (-219 - -213) + 7 + 24.
80
What is -19 - -10 - (-15 - -22) - (6 - (11 - -3))?
-8
Evaluate -25 + (74 - 34) + -25.
-10
What is the value of -73 + (-16 + 25 + 16 - -3)?
-45
What is the value of -6 - -8 - (-9 + 0 + 13 - (-1 - -2))?
-1
Calculate -17 + 19 + 9 + -46 - -9.
-26
What is 53 + -26 + (-8 - 8 - -12)?
23
What is 18 + (50 - -26) - ((4 - (-5 + 15)) + 14)?
86
What is the value of (-898 - -890) + 2 + -20?
-26
Calculate (3 - 9 - (164 + -139)) + 21.
-10
Evaluate -17 + -45 - -20 - -25.
-17
74 + -80 - -59 - -18
71
Calculate (-53 - (1 + -2)) + -19467 + 19489.
-30
What is (0 - -11) + (5 - 92) + -6 + (-11 - -3)?
-90
Evaluate (48 - 75) + (-12 - -54).
15
Calculate 10 + 58 + -100 - (1 - -25).
-58
What is 87 + 32 + -252 + 25?
-108
What is the value of -25 + 15 + (-9 - (0 + -2)) + 10?
-7
Calculate 7 + 108 - (120 + -103 - (-3 + 9 + 2)).
106
What is 22 - -2 - (-744 + 818)?
-50
What is the value of 69 - 6 - (-58 + -19 + 82)?
58
Calculate -3 - -67 - (58 + -47).
53
(52 - (-36 + 36)) + 0 + -22
30
(-2445 - -2419) + (8 - 0)
-18
Evaluate (19 - 22 - (-4 - (-4 + -5))) + -14.
-22
Evaluate (-7 - 1) + -2 - (-70 + (8 - -17) + 25).
10
Calculate (110 - -21) + -77 + (-9 - -43).
88
-75 + -21 + 54 - (3 + (-16 - -3))
-32
(3 - (-59 + 1)) 